/3. Let j(x) = 1 + 4*x**2 - 8*x**2 - x**2 + 2*x**u + 4*x. Give j(3).
-14
Let s(q) = -5*q**3 - 10*q**2 + 10*q - 5. Let g(l) = -l**3 - 2*l**2 + 2*l - 1. Let a = 25 + -23. Let o(c) = a*s(c) - 11*g(c). Give o(1).
2
Let t(v) = -3*v - 2*v - 7*v + 2*v. Let g = -5 + 7. Suppose -3*m + 3*l = 12, 2*m + g*l - 10 = -2*l. Give t(m).
10
Let p(n) be the first derivative of -n**3 - 3 + 0*n - 1/24*n**4 + n**2. Let q(s) be the second derivative of p(s). Calculate q(0).
-6
Suppose 3*d + 0*d - 9 = 0. Suppose 4*n = -d*v - v + 20, -17 = -3*n - 4*v. Let w(p) = -2*p - 3. Calculate w(n).
-9
Let i(b) = -b**2 + 2*b + 2. Let m(g) = g**2 + g. Let k be m(3). Suppose 3*s - 18 = 3*y, y + k = s - 3*y. Determine i(s).
-6
Let u(o) = 2*o + 1 + 2 - o - 2*o**2 - o**3. Let a be u(-2). Let w(z) = 3*z**2 - z + 1. Give w(a).
3
Let v(t) = -3 - t - 7*t**2 - 7*t**2 - t**3 - 5*t + 8*t**2. Suppose -46 = 3*c - 2*d - 21, 0 = -c - 4*d + 15. Give v(c).
2
Suppose 22*g - 95 = 17*g. Let u(j) = -j**2 + 5*j**3 + 19*j - g*j. Give u(-1).
-6
Let x(c) = c**2 - 5*c + 5. Let d be x(6). Suppose 36 = -5*n + d. Let g(v) = v**2 + 5*v + 1. Determine g(n).
1
Let s = 234 - 227. Let f(t) = -6 - 1 + t + 0*t. What is f(s)?
0
Suppose -10 = 5*m - 4*a, -a + 10 = -5*m - 4*a. Let z(l) = -l**3. Let u(b) = -2*b**3 + b**2 + 2. Let y(k) = -u(k) + 3*z(k). Determine y(m).
2
Let n(f) be the first derivative of f**7/840 + f**6/90 + f**5/60 - f**4/8 - f**3/3 - 2. Let p(v) be the third derivative of n(v). Let s = 5 - 8. Determine p(s).
0
Suppose 5*j - 4*j - d + 2 = 0, -2 = d. Let a(n) = -n**2 - 5*n. Let z be a(j). Let v(f) = f - 4*f - z - f**2 + 5. Determine v(-3).
1
Let r(y) be the third derivative of y**6/90 - y**4/24 - y**3/6 - y**2. Let q(l) be the first derivative of r(l). Determine q(1).
3
Let h(d) = d**3 + 5*d**2 - 4. Suppose p + 14 + 1 = 2*x, 3*p - 10 = -5*x. Give h(p).
-4
Let c = 4 + -6. Let b(o) be the third derivative of 0*o**3 + 0*o**4 + 1/60*o**6 + 0*o + 1/20*o**5 - o**2 + 0. Calculate b(c).
-4
Suppose 5*v - 5 + 20 = 0. Let o(f) = 14*f**3 + f**2 - 1. Let y(w) = -5*w**3. Let b(t) = 4*o(t) + 11*y(t). What is b(v)?
5
Suppose 2*q = -0*q + 4. Let f(a) = 10 - 11 + q*a - 4. Determine f(6).
7
Let i(y) = y**2 + 7*y. Suppose -8 = 2*j + 2*m, 0 = j + 2*m - 0 + 2. Determine i(j).
-6
Let h(d) be the second derivative of -1/2*d**3 - 2*d - 1/4*d**4 - d**2 + 0 - 1/20*d**5. Determine h(-3).
7
Suppose 0 = -3*f + u - 34 - 6, 0 = -2*f - 3*u - 12. Let p be (-3)/f*-2*-4. Let b(d) = -3*d - 2. What is b(p)?
-8
Let y(o) = 2*o**2 + 53*o - 26. Let p be y(-27). Let s(i) = i**2. What is s(p)?
1
Let b(p) be the third derivative of -p**7/2520 + p**6/360 - p**5/120 + p**4/12 - 3*p**2. Let f(j) be the second derivative of b(j). What is f(3)?
-4
Let a(d) = -3*d**3 - 3*d**2 - 3*d - 3. Let n(q) = -10*q**3 - 8*q**2 - 8*q - 8. Let g(x) = 7*a(x) - 2*n(x). Let m(f) = f + 1. Let r be m(-5). Determine g(r).
-1
Let j(i) = -i**3 - 7*i**2 + 9*i + 7. Suppose x - 8 = 4*l, 4*x + 19 + 29 = -4*l. Calculate j(x).
-1
Let h(y) = 4*y + 7. Let o = -4 + 10. Let z(n) = 2*n + 0 - 2 + 4 + 1. Let s(u) = o*h(u) - 13*z(u). Calculate s(2).
-1
Let h(y) = y**2 - y - 4. Suppose 5*p - 3*p = 8. Suppose p*m + 1 = 13. Give h(m).
2
Let u = -4 + 2. Let o be (-1)/u*(-12)/(-3). Suppose -o*d + 4*v = 0, -d + 2 - 9 = 5*v. Let b(w) = 2*w**2 - 2. What is b(d)?
6
Let j = 160 + -170. Let c(p) = -p**2 - 8*p. Give c(j).
-20
Let m(g) be the second derivative of -g**5/120 + g**3 - 3*g. Let i(c) be the second derivative of m(c). Calculate i(-2).
2
Let y(w) be the third derivative of -w**6/120 - w**5/30 + w**4/12 - w**3/6 - 28*w**2. Calculate y(-2).
-5
Suppose a = -a + 22. Let s(x) = -x**2 - 2*x**2 - 4*x - 12 + 4*x**2 + a. Calculate s(2).
-5
Let g(y) = 3*y - 8. Let j(m) = 6*m - 15. Let b(s) = 11*g(s) - 6*j(s). Suppose -z + 0 = -2. Determine b(z).
-4
Let g(o) be the first derivative of -o + 2*o**2 - 1/3*o**3 + 2. Give g(2).
3
Let v(q) = -q**3 + 6*q**2 - 4*q + 2. Suppose 0 = -6*c + 4*c + 10. Give v(c).
7
Suppose 0 = 3*x + l - 32, x = 6*x + 4*l - 51. Suppose -5*r = 4*z - 6*z, 2*r + x = 3*z. Let g(k) = k**3 - 2*k**r - 4 + 0*k**3 + 0*k**3 - 3*k. Determine g(3).
-4
Let n(j) = -3*j**2 - 21*j + 7 + 23*j - 5 + j**3. What is n(2)?
2
Let x(s) = s**3 - 2*s**2 + 3*s - 3. Let m be x(3). Suppose 5*f + 0*f - m = 0. Let y(p) be the first derivative of -p**2/2 - 3*p + 20. What is y(f)?
-6
Let w(y) = -y**3 - 2*y**2 - y + 2. Let k be w(1). Let u be 4/14 + (-4)/14. Let f(q) = -q + u*q + 0*q. Give f(k).
2
Let h(m) be the second derivative of -8*m - 1/6*m**3 + 0 - 2*m**2. Determine h(3).
-7
Let b(m) be the first derivative of -m**4/2 - m**3/3 - 3*m**2/2 - 3*m - 1. Suppose -4*f = 4*n - 12, 4 - 14 = -2*f. What is b(n)?
15
Let o(q) = 2*q + 5. Let g be 4 - 0/((-2)/(-2)). Suppose g*a + 2 = -14. Calculate o(a).
-3
Let z(t) = -t - 5. Let h be z(-2). Let d(r) = -r**2 - 4*r - 2. Determine d(h).
1
Let v(y) = -y**3 + 2*y**2 + 4*y - 3. Let n be v(3). Let h = n + 1. Let x(z) = -z + z**2 - 2*z**2 + 3*z**2 - h + z**3. Calculate x(-3).
-7
Let k(v) = -v + 3. Let j(c) = c**3 + 4*c**2 - c + 4. Let x be j(-4). Determine k(x).
-5
Let v(l) be the third derivative of l**2 + 0 + 0*l + 2/3*l**3 + 1/12*l**4. Calculate v(-6).
-8
Suppose -5*p = -2*r + 30, 4*r = -3*p - 2*p. Let b = -8 + r. Let y(g) = -g**3 - 2*g**2 + 4*g + 3. Give y(b).
0
Let f(h) = -7*h**3 + 11*h**2 - 4*h + 1. Let o(z) = -z**3 + z**2 - z + 1. Let r(m) = f(m) - 6*o(m). Suppose 0 = i + d, 4*i + 5 = -8*d + 3*d. Determine r(i).
5
Let p(d) = -5*d**3 - 5*d**2 + 3*d - 3. Let u(z) = 6*z**3 + 5*z**2 - 4*z + 4. Let y(l) = -5*p(l) - 4*u(l). What is y(-5)?
-6
Let t(a) = -2*a - 2. Let p be t(-2). Suppose -p = l - 3*s - 0, -2*s + 12 = 2*l. Let n(f) = f**3 - 4*f**2 + f - 5. Calculate n(l).
-1
Suppose -2*v + 11 + 1 = 0. Let g(p) = -p**3. Let m(t) = 5*t**3 + 5*t**2 - 7*t + 4. Let o(h) = v*g(h) + m(h). Suppose 0*d - 5*d = -20. Give o(d).
-8
Let k(a) be the first derivative of -5/2*a**2 + 1/4*a**4 + a**3 - 6*a + 1. Give k(-4).
-2
Suppose 0*n = 2*n - 4. Let q(i) = -i + 1. Determine q(n).
-1
Let n(h) = 9*h - 7. Let y be 2*-2*4/(-16). Let j(t) = -t**2 - t + 1. Let o(l) = y*j(l) + n(l). Calculate o(5).
9
Let g(y) = -y**3 + 3*y**2 + 2*y + 4. Suppose 0*f + 2*f = 0. Let m = 7 + -4. Let n = m - f. Give g(n).
10
Suppose -24 = -8*i + 12*i. Let p(h) = h**3 + 5*h**2 - 5*h + 3. What is p(i)?
-3
Let o(f) = 2*f**2 + 1. Let c(h) = -h**2 - h - 1. Let r(m) = -c(m) - o(m). Suppose -3*k + 0*k + 6 = 0. Give r(k).
-2
Let o(p) = 2*p + 4. Let x(j) = -j**2 + 8*j - 15. Let t be x(6). What is o(t)?
-2
Let t(l) = -l**2 + 2*l + 5. Let u be (-135)/18*2/(-3). Give t(u).
-10
Suppose -3 = m + 1. Let f(t) be the first derivative of -t**3/3 - 2*t**2 + 5*t - 23. Give f(m).
5
Let n(l) = 2*l**2 - 5*l + 2. Let z be (2 - -1) + -9 + 9. Calculate n(z).
5
Let z(w) be the third derivative of 0 - 1/15*w**5 - w**2 + 7/24*w**4 + 0*w - 1/120*w**6 + w**3. Give z(-5).
-4
Let u = -16 + 17. Let b = u - 4. Let s(l) = -l**3 - 3*l**2 - 2*l + 2. Give s(b).
8
Let l(d) = -d**3 - 7*d**2 - 7*d - 6. Let g be l(-6). Let c(s) = s - 5. Determine c(g).
-5
Let y be (1/4)/(16/64). Suppose 2*v + 3*h = -16, 24 = -3*v - 5*h - y. Let w(a) = -a**2 - 7*a - 2. Give w(v).
8
Let x(i) = 4*i**3 - i + 2 + 21*i**2 - 3*i**3 - 21*i**2. What is x(2)?
8
Let s(f) = -4*f**2 + 1. Let w = 99 + -60. Suppose 2*o - 5*o + w = 0. Let n(b) = -8*b**2 + 2. Let h(d) = o*s(d) - 6*n(d). What is h(-1)?
-3
Let z(c) be the first derivative of c**5/4 - c**4/6 + c**2/2 + 8*c - 4. Let f(r) be the first derivative of z(r). Give f(-1).
-6
Let i = -3 - -4. Let t = i - -1. Let h(c) = -c**3 - c - c**t + 1 + 6*c**2 + 0*c - 4*c. Calculate h(4).
-3
Let q(p) = -7*p**2 - p + 4. Let o(v) = 20*v**2 + 3*v - 11. Let h(w) = 6*o(w) + 17*q(w). Suppose 27*j - 22*j = 0. What is h(j)?
2
Suppose -59 = -5*b - 3*l, 3*l + 48 = 4*b + 17. Let u = 6 - b. Let k(i) = -i**2 - 3 - 3*i**2 + 4 - i**3. Calculate k(u).
1
Suppose -4*l + 16 = 2*i, -2*i = -4*l - 0*i. Let g(z) = 0*z**3 + 0*z**l - 6*z**3 - 1 + 2*z**2 + 2*z**3. Determine g(1).
-3
Suppose 0 = 4*m + 3*o, -6*o + o + 29 = -3*m. Let v(n) = -9*n - 3 + 7*n + n. Give v(m).
0
Let j(l) be the third derivative of l**7/840 + l**6/90 + l**5/40 - l**4/6 + l**3/6 + 3*l**2. Let h(k) be the first derivative of j(k). What is h(-3)?
-4
Let f(p) = -2*p. Let z(w) = -8*w. Let u(q) = -7*f(q) + 2*z(q